5 + 109?
-829
In base 11, what is 90 - 10883?
-107a3
In base 6, what is 33413040 - -4?
33413044
In base 15, what is -3b - -2e1?
2a5
In base 5, what is 132 - -2122114?
2122301
In base 13, what is 19a7 + -156?
1851
In base 9, what is -23 + 17725?
17702
In base 11, what is -576 + 590?
15
In base 10, what is -6434 + -16?
-6450
In base 13, what is 930 + 5b?
98b
In base 12, what is 38 - 22a?
-1b2
In base 16, what is -82 + 1a4?
122
In base 10, what is -2 + 2872?
2870
In base 6, what is 10045 - 3?
10042
In base 7, what is 4 - 5336?
-5332
In base 10, what is -1495793 + 2?
-1495791
In base 9, what is -323848 + 4?
-323844
In base 13, what is -85c - -28?
-834
In base 13, what is 7690 - -119?
77a9
In base 12, what is 0 - 17008?
-17008
In base 16, what is -13 - 3686?
-3699
In base 16, what is 0 - 6a326?
-6a326
In base 4, what is -1233 + 30230?
22331
In base 10, what is -14137 - -1?
-14136
In base 2, what is -1001101 + 10111111110?
10110110001
In base 15, what is -414 + 19?
-3ea
In base 3, what is -1 + -101212121100?
-101212121101
In base 9, what is 8518 + -4?
8514
In base 7, what is -335433 - 2?
-335435
In base 9, what is 157 - 2635?
-2467
In base 4, what is -2132 - -11?
-2121
In base 10, what is -4 - -11012?
11008
In base 3, what is -1201222 - -22?
-1201200
In base 3, what is 122210111 - -12111?
122222222
In base 8, what is -2124605 + -3?
-2124610
In base 9, what is -15 + -3173?
-3188
In base 13, what is -29a980 + 0?
-29a980
In base 13, what is 5 - 18133?
-1812b
In base 15, what is -15ed + d?
-15e0
In base 16, what is 9af3 - -7?
9afa
In base 9, what is 2376 - -132?
2518
In base 3, what is 1112 + 22021002?
22022121
In base 5, what is 12211 + 3012?
20223
In base 14, what is bd + -300?
-221
In base 15, what is b4a7 - 5?
b4a2
In base 6, what is -114 - 5004?
-5122
In base 3, what is 21122 - -10?
21202
In base 13, what is 1583 + 19a?
1750
In base 11, what is 8a64 + -181?
8893
In base 12, what is 1950a82 + -4?
1950a7a
In base 7, what is 326323 + 3?
326326
In base 8, what is -33324 + 2?
-33322
In base 12, what is -2101b + -2?
-21021
In base 10, what is 46 + -1497?
-1451
In base 12, what is 44 - 12162?
-1211a
In base 11, what is -4335a - 3?
-43362
In base 7, what is -2 - 20456?
-20461
In base 13, what is 0 + -4039?
-4039
In base 4, what is -3111 + 2131?
-320
In base 8, what is -45475 + 5?
-45470
In base 16, what is -1 + -250d?
-250e
In base 2, what is 1000011111 + 10011?
1000110010
In base 14, what is -5 - 40319?
-40320
In base 13, what is -1b2 + -a8?
-28a
In base 4, what is 11201301 - -102?
11202003
In base 14, what is -5 - 221ab?
-221b2
In base 11, what is 6 - -1306?
1311
In base 8, what is -24565 + 52?
-24513
In base 16, what is -15412 - f?
-15421
In base 16, what is 12c + 71?
19d
In base 15, what is 126 + -151?
-2a
In base 6, what is -13553042 - 5?
-13553051
In base 8, what is -4 + -6133?
-6137
In base 9, what is -8203 - 8?
-8212
In base 10, what is -103240 + -62?
-103302
In base 9, what is -3 + -14141?
-14144
In base 2, what is -11001110101011110000 + 100?
-11001110101011101100
In base 8, what is 62630 + -262?
62346
In base 16, what is f30 - -2?
f32
In base 11, what is 4 + -5762?
-5759
In base 6, what is -140525 - -53?
-140432
In base 9, what is 4 - -106314?
106318
In base 13, what is -6877 + 19?
-685b
In base 11, what is -229 + -37?
-265
In base 11, what is 191000 + -2?
190aa9
In base 9, what is -1 - -788?
787
In base 10, what is 180 + -814?
-634
In base 11, what is -6a17 + -2?
-6a19
In base 11, what is -575 + 57?
-519
In base 8, what is -1064451 - 11?
-1064462
In base 2, what is -11001010 - 1000101111?
-1011111001
In base 7, what is 2243034 + -14?
2243020
In base 16, what is 22bb6 + -17?
22b9f
In base 14, what is -3d - 80?
-bd
In base 3, what is -12021010 + -211?
-12021221
In base 15, what is 18 + -392?
-379
In base 8, what is -1027420 + 0?
-1027420
In base 11, what is 5 + 39793?
39798
In base 8, what is -242715 + 3?
-242712
In base 11, what is -58886 - 0?
-58886
In base 2, what is -10011001000111111 - 1?
-10011001001000000
In base 11, what is 246647 + -5?
246642
In base 13, what is -1 + -5cca6?
-5cca7
In base 8, what is -43 - 14660?
-14723
In base 8, what is 104042 - -4?
104046
In base 15, what is -53 - 27b?
-2ce
In base 3, what is -2202110 - 21220?
-10001100
In base 11, what is -3 + 18379?
18376
In base 14, what is -10 + -3d0a?
-3d1a
In base 15, what is 4 + 52a?
52e
In base 15, what is be6 + -5?
be1
In base 12, what is 3754 + 3b?
3793
In base 5, what is -1 + 3123442?
3123441
In base 3, what is 121120002 + 102101?
121222110
In base 8, what is 1437 + 7?
1446
In base 12, what is 743 - -120?
863
In base 11, what is -541 + -8482?
-8a13
In base 6, what is 5215 + 1401?
11020
In base 10, what is 98 + 225?
323
In base 5, what is -31221 - -33?
-31133
In base 9, what is -20 + 2083?
2063
In base 9, what is -240 - 45?
-285
In base 11, what is -4 + -784164?
-784168
In base 16, what is 3 + 2d21d?
2d220
In base 10, what is -95388 - -28?
-95360
In base 6, what is -11352 - 10510?
-22302
In base 4, what is -231103010311 - -3?
-231103010302
In base 13, what is -3ba + 197?
-223
In base 2, what is 10001101001 - -110001010?
10111110011
In base 7, what is 120 + -2434?
-2314
In base 3, what is -20 + 10201212?
10201122
In base 5, what is 221242 + 3?
221300
In base 2, what is -101100001110010100111 + -10?
-101100001110010101001
In base 16, what is -1428 + df?
-1349
In base 6, what is -33 + -340052?
-340125
In base 4, what is -3013212 - -3?
-3013203
In base 3, what is -1112121 + -222022?
-2111220
In base 9, what is 2 - 332573?
-332571
In base 6, what is 4 + -43020?
-43012
In base 15, what is -2 - 214adb?
-214add
In base 13, what is 1c1c2 + -5?
1c1ba
In base 7, what is 2103 - -656?
3062
In base 9, what is 487 - 617?
-120
In base 8, what is -3 - 2362003?
-2362006
In base 5, what is -114022102 + -3?
-114022110
In base 13, what is 9153 + -6?
914a
In base 11, what is -154957 - -5?
-154952
In base 15, what is -5 + -14ea2?
-14ea7
In base 14, what is 29863 + -3?
29860
In base 7, what is 534 + 62?
626
In base 10, what is 13228 + 1?
13229
In base 6, what is -10534 + 3?
-10531
In base 7, what is -12565 - -3?
-12562
In base 5, what is 4 + -44130224?
-44130220
In base 16, what is 3 - 4e49f?
-4e49c
In base 4, what is -20001 - 31?
-20032
In base 10, what is -310962 - 4?
-310966
In base 9, what is -3 + -444172?
-444175
In base 15, what is 5 + -390?
-38a
In base 16, what is -660f - -7?
-6608
In base 13, what is 469c - 16?
4686
In base 7, what is -43 + 416?
343
In base 11, what is 3 - 3069?
-3066
In base 10, what is -38093 - -15?
-38078
In base 10, what is -4426 - 456?
-4882
In base 12, what is 3681 + -93?
35aa
In base 6, what is -22011553 - 5?
-22012002
In base 14, what is -8d3 + 2?
-8d1
In base 2, what is 101111110101 + 1100?
110000000001
In base 12, what is 148227 - -5?
148230
In base 11, what is -412014 - -4?
-412010
In base 8, what is -622 + 6224?
5402
In base 6, what is 54 - 222233?
-222135
In base 12, what is -30 - -2a9?
279
In base 9, what is -153431 - 1?
-153432
In base 4, what is -12321031 - -30?
-12321001
In base 4, what is -10030220 - 1112?
-10031332
In base 6, what is 124412 + -5?
124403
In base 14, what is -5 + 19a58?
19a53
In base 9, what is -2 - -2168400?
2168387
In base 2, what is 10000 + 110000011?
110010011
In base 4, what is 3 + -1023323?
-1023320
In base 14, what is -1a289 - -7?
-1a282
In base 3, what is 120202 + -2010221?
-1120012
In base 11, what is 1 - -162a10?
162a11
In base 2, what is -111010010 + 1001111110010?
1001000100000
In base 13, what is -1 - -134a?
1349
In base 9, what is 21 + 1827?
1848
In base 8, what is 5 + 35773?
36000
In base 9, what is -11843 - -73?
-11760
In base 15, what is -16e + aae?
940
In base 2, what is 10001011 + -110010000?
-100000101
In base 13, what is 18a8b - -5?
18a93
In base 14, what is -1516 + -3ab?
-18c3
In base 5, what is 4 - 3241431?
-3241422
In base 15, what is 1453 + 24?
1477
In base 6, what is 1 - 10133?
-10132
In base 13, what is -8935b1 - -3?
-8935ab
In base 9, what is 5 - 1221286?
-1221281
In base 6, what is -3 + 123142?
123135
In base 12, what is 9a228b - -2?
9a2291
In base 11, what is -21a85 - 90?
-22065
In base 10, what is -1 - -167714?
167713
In base 2, what is 1100010001001010010 + -1?
1100010001001010001
In base 5, what is -44